- 3. Let j be l(1). Suppose z + 2*z = j. Calculate the highest common factor of z and 29.
29
Let a(n) = 3*n - 14. Let s(k) = k - 15. Let q(c) = -2*a(c) + 3*s(c). Suppose x - 32 = 5*x. Let z be q(x). What is the greatest common divisor of z and 77?
7
Suppose 0*w - 4*r - 150 = -2*w, -4*w + r = -293. What is the highest common divisor of w and 803?
73
Suppose 0 = 6*h - 426 - 1464. Calculate the highest common factor of h and 525.
105
Suppose 21*p + 21 = -0*p. Let o be -2*(11/p - 6). Let d be ((-34)/6)/((-2)/6). What is the greatest common factor of d and o?
17
Let n = -15 - -29. Let x be 136/n + 2/7. Suppose i + 17 = 15, -2*i - 254 = -5*l. Calculate the greatest common factor of x and l.
10
Let d = -1842 - -1864. Suppose -2*c = -81 - 7. What is the highest common divisor of c and d?
22
Let b(k) = k**2 + 4*k - 1. Let v be b(3). Let z(m) = 4 - 6*m + 6*m + 2*m. Let j be z(2). Calculate the greatest common divisor of v and j.
4
Let h(c) = -c**2 + 7*c - 4. Let b be h(6). Suppose b = k - 2*m - 10, 32 = 3*k - 5*m. Suppose k*y = 93 + 107. What is the highest common divisor of y and 20?
10
Let x(p) be the third derivative of -p**4/24 + 3*p**3/2 - 2*p**2. Let d be x(7). Suppose 3*s - d*s - 77 = 0. What is the greatest common divisor of 11 and s?
11
Suppose 136 + 1853 = 39*b. Let i be (-4)/(-6)*(-9)/(-2). Suppose -i*x + 30 + 21 = 0. Calculate the highest common divisor of x and b.
17
Suppose -12*j - 40 = -16*j. Let t be 35 - -6*5/j. Calculate the highest common divisor of 19 and t.
19
Let y = 56 + 97. Calculate the greatest common factor of 68 and y.
17
Suppose -y = 5*x + 2 + 2, 0 = -4*y + 2*x + 6. Let u = y + 4. What is the highest common factor of 35 and u?
5
Suppose 2*v + 104 = -164. Suppose -1440 = -5*l + q, 2*l = -q - 0*q + 569. Let a = v + l. What is the greatest common factor of a and 17?
17
Suppose 12*l = 15*l - 138. Suppose 0*q + q = 322. What is the greatest common factor of q and l?
46
Suppose 0 = -2*d + s + 382, 0*s + 5*s - 940 = -5*d. Suppose 0 = 5*f - 2*f - 114. What is the greatest common factor of f and d?
38
Let h(n) = n**3 + 2*n**2 + n - 2. Let m be h(-2). Let g = m - -37. What is the greatest common divisor of g and 33?
33
Suppose 28*s - 26*s = 2*c - 3260, 3*c = 5*s + 4884. What is the highest common divisor of c and 23?
23
Let c be (-1)/(((-3 + -1)/(-4))/(-8)). What is the greatest common divisor of 808 and c?
8
Let p(o) be the second derivative of -o**3/2 + 3*o**2/2 - o. Let k = -106 - -101. Let t be p(k). Calculate the highest common divisor of 9 and t.
9
Let b(m) = -14*m + 5. Let a be b(-8). Suppose 0 = 3*i - 0*x - 2*x - 70, -5*i = -3*x - a. Calculate the highest common divisor of 8 and i.
8
Suppose 5*t + 1900 = 3*w, 4*t = -4*w - 0*t + 2576. What is the highest common factor of w and 10?
10
Let o be (-1 - 51)/(10/(-25)). Let r(q) = 2*q**3 + q - 1. Let j be r(1). Suppose 0 = -j*z - 43 + 147. What is the highest common divisor of z and o?
26
Let w be 35088/215*(40/6)/1. Calculate the greatest common factor of w and 64.
64
Let r = -28 - 3. Let o = 33 + r. Calculate the greatest common divisor of 22 and o.
2
Suppose 6*b + q - 285 = 5*b, -5*q = -20. Let p = 411 - b. What is the greatest common factor of 52 and p?
26
Let m = -6 + 3. Let t(w) = -2*w - 10. Let q(u) = 2*u + 11. Let i(f) = m*q(f) - 4*t(f). Let l be i(7). Calculate the greatest common divisor of l and 168.
21
Let g be 31/155 - 2/10*131. Let m = g + 39. What is the greatest common factor of m and 91?
13
Let d(w) = -33*w - 214. Let f be d(-8). Calculate the highest common factor of 70 and f.
10
Let x(n) be the first derivative of -n**4/4 - 10*n**3/3 - 5*n**2 + 15*n - 28. Let l be x(-9). What is the highest common factor of l and 264?
24
Suppose -26*p + 42 = -25*p. Calculate the highest common divisor of p and 48.
6
Suppose 0 = 11*t + 14*t - 6450. What is the highest common factor of 12 and t?
6
Suppose -2*l + 8 = -0*l. Suppose -m - u + 7 = 0, -l*m + 8 = -5*u + 4*u. Suppose -3 = -w + m. Calculate the greatest common divisor of 30 and w.
6
Let f(k) = 2*k**3 - k**2 - 4*k + 12. Let a be f(4). Calculate the highest common divisor of 486 and a.
54
Suppose 2*d = -2, 5*d - 56 = 5*m + d. Let q = m - -40. Calculate the highest common divisor of q and 196.
28
Let r(z) = -22*z**2 + 2*z - 3. Let x(f) = -21*f**2 + f - 2. Let q(p) = 4*r(p) - 6*x(p). Let y be q(-1). Calculate the highest common factor of y and 4.
4
Suppose 187 - 64 = -3*p. Let d = p - -68. What is the greatest common factor of d and 9?
9
Suppose 0*t + 5005 = 11*t. Calculate the highest common factor of t and 35.
35
Suppose 3*i - 55 = -2*x - 5, -i + 4*x = -26. What is the highest common factor of i and 144?
18
Let x(n) be the first derivative of -n**3 + n - 1/2*n**2 + 1/2*n**4 - 14. Let s be x(3). What is the highest common divisor of 25 and s?
25
Suppose -5*h + 14 = 4*b, 5*h - 6*h + 3*b - 1 = 0. Calculate the highest common factor of 14 and h.
2
Suppose -2*l + 4*l = -4*x + 120, 5*l - 284 = -2*x. Calculate the greatest common divisor of l and 14.
14
Let f = 3 + -3. Suppose 2*h + 5*g - 44 = 0, -2*h + 3*h + 5*g - 12 = f. Let o = h - 7. What is the greatest common factor of o and 5?
5
Let p = -37 + 91. Suppose q + p = 2*g - 0*q, 0 = 2*q - 8. Let d(y) = 5*y**2 - 3*y + 6. Let u be d(5). What is the greatest common divisor of u and g?
29
Suppose -3*z = -3*o - 1413, 2*o - 15 = -5. Calculate the highest common divisor of z and 56.
28
Let r = 6 + -4. Suppose 20 = 4*h + r*t, 3*h - t - 5 = 5. What is the highest common factor of 4 and h?
4
Suppose 7*d = 2*d - f + 99, f - 61 = -3*d. Suppose -5*a = 4 - d. Suppose -5*i + 4 = -a*i. What is the highest common factor of i and 4?
2
Suppose 31 = h - a + 6*a, 4*h - 48 = -a. Let g = -1150 + 1160. Let o be h - -6*5/g. Calculate the greatest common factor of 70 and o.
14
Let k = -12 + 20. Let p be 25*((-36)/15 + 3). Suppose 0 = 12*r - p*r + 36. Calculate the greatest common divisor of r and k.
4
Let o(v) be the third derivative of 11*v**5/3 - v**2. Let t be o(-1). Let f = -7123 + 7143. What is the greatest common factor of f and t?
20
Let b be (3*2)/(27/18). Suppose -b = -2*x + 4*z, -4*x - 5*z + 20 = -53. What is the highest common factor of 48 and x?
12
Suppose 8*a - 6*a - 117 = -3*v, -5*a - 5*v = -300. Calculate the highest common divisor of 1260 and a.
63
Suppose t = 5*t - 4. Let a be 1 - (-21 - t - 3). Let f = 44 - a. What is the greatest common divisor of f and 36?
18
Suppose 4*g + 30 = 110. Let u be 8/(-6)*50/(-8)*6. Suppose -3*n - u = -230. Calculate the highest common factor of n and g.
20
Suppose 370 = 2*j - 4*o + 14, 0 = -2*o + 6. Let u = 24 + -25. Let t be 1/(u - 96/(-92)). What is the greatest common divisor of j and t?
23
Let w = 1103 - 1079. What is the highest common divisor of w and 384?
24
Suppose 15*k - 1102 - 683 = 0. What is the highest common factor of 51 and k?
17
Let g be (17 + 2)*(6 + -5). Let t(a) = a + 12. Let i be t(-7). Suppose -2*z + 407 = 3*k, i*k - 653 = 4*z - z. Calculate the highest common factor of g and k.
19
Let d = 51 - 11. Let h = 14 - 8. Let u = h - -2. What is the greatest common divisor of u and d?
8
Let k be 7 - -24 - (1 + 0). Suppose 26*f = k*f - 48. What is the greatest common divisor of f and 96?
12
Let i = -636 - -933. What is the greatest common factor of 11 and i?
11
Let v(h) = h**2 + 11*h + 36. Let w be v(-6). Suppose -5*y = -76 - 34. Let u = 8 + y. Calculate the greatest common divisor of w and u.
6
Let l = 305 + -560. Let p = -15 - l. Calculate the highest common factor of p and 30.
30
Let d(g) = 8*g**2 - 44*g - 32. Let y be d(13). What is the highest common divisor of y and 44?
44
Let d be (-3)/(-27)*51 - 1/(-3). Let c be 54*((-22)/d + 4). Calculate the greatest common divisor of c and 6.
6
Let l be 1 + 1 - -16 - -1. Let y be 132/(-165) + (-194)/(-5). Calculate the greatest common divisor of y and l.
19
Let m = 427 - 337. What is the highest common factor of m and 60?
30
Let x(b) = -47*b + 161. Let d be x(3). What is the greatest common factor of 18 and d?
2
Suppose -o + 9 = -h - 8, -2*h = 3*o - 36. Let j be 231/(-154) - ((-230)/4)/1. Calculate the greatest common divisor of j and o.
14
Suppose -2*u + 104 = 2*a, -2*u - a = -3*a - 88. Suppose 3*h - u = -h. Let m = 13 - h. What is the greatest common divisor of 4 and m?
1
Let a(z) be the first deriv